it of 19114102?
9
What is the tens digit of 59106698?
9
What is the billions digit of 1127956015?
1
What is the units digit of 46200424?
4
What is the hundred thousands digit of 18179422?
1
What is the billions digit of 4738459023?
4
What is the thousands digit of 80924452?
4
What is the hundred thousands digit of 4373694385?
6
What is the units digit of 8994957?
7
What is the tens digit of 57869164?
6
What is the hundred thousands digit of 628435931?
4
What is the millions digit of 342167801?
2
What is the units digit of 6585184475?
5
What is the hundreds digit of 88931166?
1
What is the hundred millions digit of 2977328323?
9
What is the tens digit of 12658964?
6
What is the hundred thousands digit of 5414542349?
5
What is the ten millions digit of 33414713?
3
What is the hundred thousands digit of 4496929784?
9
What is the ten millions digit of 196774508?
9
What is the thousands digit of 299187942?
7
What is the hundred millions digit of 394501124?
3
What is the ten millions digit of 42996715?
4
What is the hundred millions digit of 198313218?
1
What is the hundred millions digit of 113118717?
1
What is the units digit of 1048226?
6
What is the units digit of 1640801984?
4
What is the hundreds digit of 11009530?
5
What is the hundreds digit of 703410923?
9
What is the thousands digit of 171024497?
4
What is the tens digit of 28108244?
4
What is the tens digit of 204167948?
4
What is the thousands digit of 292311486?
1
What is the millions digit of 480410035?
0
What is the units digit of 3066489691?
1
What is the ten millions digit of 14070571?
1
What is the tens digit of 43550633?
3
What is the tens digit of 37763101?
0
What is the ten millions digit of 106548136?
0
What is the tens digit of 56039397?
9
What is the millions digit of 58434097?
8
What is the thousands digit of 49525624?
5
What is the tens digit of 44531072?
7
What is the ten millions digit of 173325490?
7
What is the hundred thousands digit of 619355416?
3
What is the tens digit of 2059041409?
0
What is the hundreds digit of 1100881734?
7
What is the millions digit of 339054978?
9
What is the hundreds digit of 1692493576?
5
What is the millions digit of 485686508?
5
What is the units digit of 4821147?
7
What is the tens digit of 128880329?
2
What is the units digit of 878168491?
1
What is the units digit of 34083570?
0
What is the hundred thousands digit of 1103847935?
8
What is the units digit of 703656477?
7
What is the tens digit of 115163251?
5
What is the ten thousands digit of 5515380412?
8
What is the ten thousands digit of 4545629047?
2
What is the hundred millions digit of 101264743?
1
What is the units digit of 43452077?
7
What is the hundreds digit of 28678797?
7
What is the units digit of 371644980?
0
What is the units digit of 119432752?
2
What is the tens digit of 1680156503?
0
What is the ten millions digit of 190015155?
9
What is the hundreds digit of 47439058?
0
What is the ten thousands digit of 26000069?
0
What is the hundred thousands digit of 366885813?
8
What is the millions digit of 187082850?
7
What is the units digit of 11556987?
7
What is the billions digit of 1013915096?
1
What is the units digit of 2811242938?
8
What is the hundred millions digit of 272000092?
2
What is the ten millions digit of 27316483?
2
What is the ten millions digit of 142603912?
4
What is the hundreds digit of 16753444?
4
What is the units digit of 22182388?
8
What is the hundred thousands digit of 79108969?
1
What is the billions digit of 1612171239?
1
What is the ten thousands digit of 332899124?
9
What is the billions digit of 1678156663?
1
What is the tens digit of 228983330?
3
What is the hundreds digit of 211947853?
8
What is the ten thousands digit of 285827991?
2
What is the thousands digit of 5666122242?
2
What is the thousands digit of 197857949?
7
What is the millions digit of 2448794334?
8
What is the ten millions digit of 1618231622?
1
What is the hundred thousands digit of 599592591?
5
What is the ten thousands digit of 53422453?
2
What is the hundred thousands digit of 42864947?
8
What is the thousands digit of 18471155?
1
What is the millions digit of 41579606?
1
What is the hundred thousands digit of 1362553608?
5
What is the units digit of 26546589?
9
What is the ten thousands digit of 236549925?
4
What is the millions digit of 33412920?
3
What is the units digit of 4705849669?
9
What is the ten thousands digit of 37159181?
5
What is the ten millions digit of 52740165?
5
What is the hundreds digit of 134493882?
8
What is the hundreds digit of 106246055?
0
What is the hundred thousands digit of 25238844?
2
What is the tens digit of 105326640?
4
What is the ten thousands digit of 1566306411?
0
What is the ten thousands digit of 3920310693?
1
What is the tens digit of 5161220994?
9
What is the ten millions digit of 167783593?
6
What is the thousands digit of 132983138?
3
What is the thousands digit of 2928000555?
0
What is the hundreds digit of 35399246?
2
What is the hundreds digit of 298705073?
0
What is the ten millions digit of 2824774767?
2
What is the millions digit of 405832211?
5
What is the hundred thousands digit of 881934926?
9
What is the billions digit of 2662410377?
2
What is the hundred millions digit of 134263926?
1
What is the units digit of 110469205?
5
What is the hundred millions digit of 105684404?
1
What is the hundred thousands digit of 1141703164?
7
What is the ten thousands digit of 18628223?
2
What is the hundreds digit of 172000361?
3
What is the ten millions digit of 965969387?
6
What is the ten millions digit of 24419028?
2
What is the hundreds digit of 195178605?
6
What is the ten millions digit of 12809722?
1
What is the units digit of 691525358?
8
What is the millions digit of 2627537859?
7
What is the units digit of 1038454224?
4
What is the ten thousands digit of 41234246?
3
What is the millions digit of 51324725?
1
What is the hundred millions digit of 978319290?
9
What is the tens digit of 205471130?
3
What is the hundreds digit of 857837690?
6
What is the units digit of 671545571?
1
What is the hundred thousands digit of 158381955?
3
What is the hundred millions digit of 479605743?
4
What is the millions digit of 31279852?
1
What is the ten millions digit of 1696199576?
9
What is the ten millions digit of 873011026?
7
What is the thousands digit of 84450362?
0
What is the hundreds digit of 5624517?
5
What is the units digit of 120790741?
1
What is the millions digit of 487568880?
7
What is the hundred thousands digit of 189405436?
4
What is the hundred thousands digit of 72724772?
7
What is the tens digit of 19402901?
0
What is the billions digit of 1439211306?
1
What is the thousands digit of 438420269?
0
What is the millions digit of 61473826?
1
What is the tens digit of 245567960?
6
What is the units digit of 610860407?
7
What is the tens digit of 114085371?
7
What is the millions digit of 1197384960?
7
What is the thousands digit of 29317674?
7
What is the millions digit of 1367829290?
7
What is the tens digit of 3820685412?
1
What is the thousands digit of 492271508?
1
What is the ten thousands digit of 240571685?
7
What is the hundreds digit of 904028647?
6
What is the ten millions digit of 650284844?
5
What is the tens digit of 19424947?
4
What is the tens digit of 79680041?
4
What is the thousands digit of 72174508?
4
What is the hundreds digit of 400945522?
5
What is the units digit of 14209596?
6
What is the hundred millions digit of 254168245?
2
What is the tens digit of 2033344197?
9
What is the hundred thousands digit of 6728748478?
7
What is the hundred millions digit of 999346792?
9
What is the thousands digit of 1378132188?
2
What is the tens digit of 88047767?
6
What is the millions digit of 289368791?
9
What is the ten millions digit of 179036315?
7
What is the hundred millions digit of 225262693?
2
What is the thousands digit of 25331140?
1
What is the units digit of 40176769?
9
What is the units digit of 175183356?
6
What is the millions digit of 2590001?
2
What is the ten thousands digit of 405344077?
4
What is the units digit of 2354840909?
9
What is the tens digit of 3115094879?
7
What is the ten millions digit of 2691275228?
9
What is the ten millions digit of 329265870?
2
What is the thousands d